der when 13 is divided by g.
5
Suppose 3*f - 7 = 5. What is the remainder when 15 is divided by f?
3
Let c = -8 - -86. What is the remainder when c is divided by 16?
14
Let u = 6 - -27. Calculate the remainder when u is divided by 17.
16
Let z be (-1)/5 - 11/(-5). Let q be (44/12)/(z/6). What is the remainder when 3 is divided by 1/(-5) - q/(-5)?
1
Suppose 23 = 4*h + 3. Suppose 35 = -5*a - k - 4*k, h*a + 23 = -2*k. What is the remainder when 10 is divided by 1/1*(a + 7)?
2
Suppose -18*t + 20*t = 118. Calculate the remainder when t is divided by 16.
11
Let d = -11 + 14. Let u(m) be the third derivative of 5*m**4/24 - m**3/3 - m**2. What is the remainder when 38 is divided by u(d)?
12
Let l = 18 - 15. What is the remainder when 11 is divided by l?
2
Let p = -6 + 12. Suppose r - p*q + 2 = -q, -5*r + 34 = -3*q. Suppose -8*d = 9*d - 221. What is the remainder when d is divided by r?
5
Let x be 78/(-12) + 2/4. Let v = x - -10. Calculate the remainder when 6 is divided by v.
2
Let s(t) = 5*t - 1. Let l be s(1). Calculate the remainder when 4 is divided by (-39)/(-15) + l/10.
1
Let i = 2 + 10. Suppose 5*m - 2*g - 2 = 0, -4*m + g + 4 = -0*m. Suppose 3 = -y - 2*j - 1, i = m*y - j. What is the remainder when 6 is divided by y?
2
Let f be 3/((-6)/(-4)) + 14. Let k = -3 + f. What is the remainder when k is divided by 8?
5
Suppose -f = -4 - 31. Suppose 0 = -4*p + 4*n + 199 - 23, n - 214 = -5*p. Suppose -29 = -4*w + p. Calculate the remainder when f is divided by w.
17
Suppose -14*c = -13*c - 65. What is the remainder when c is divided by 14?
9
Let y = 26 + -47. Let w = -7 - y. What is the remainder when 52 is divided by w?
10
Let q be (-1 - -2)*6 - 2. Calculate the remainder when (-1)/q - (-53)/4 is divided by 5.
3
Suppose -10*g + 8 = -9*g. Let t = 1 + -1. Suppose t = -2*d + 10 + 36. What is the remainder when d is divided by g?
7
Let m = 52 - 29. Suppose -6 + 42 = 3*h. What is the remainder when m is divided by h?
11
Let q = 62 - 26. Calculate the remainder when q is divided by 10.
6
Suppose -5*f - 5*i = -75, -6*i - 20 = -3*f - 4*i. What is the remainder when 29 is divided by f?
9
Let c be 2*(-2 - (-6)/2). Let w be 2504/72 - c/(-9). Suppose 5*n - 5*o + o - w = 0, 25 = 5*o. What is the remainder when 21 is divided by n?
10
Suppose -76 + 2 = -2*i. What is the remainder when i is divided by 14?
9
Let q(n) = -54*n**3 - n**2 - 2*n. Let s be q(-2). Let g be (-2)/(-10) + s/15. Suppose r - 2*r + g = 0. Calculate the remainder when r is divided by 10.
9
Suppose -8 = -2*p + p. Calculate the remainder when -1 + 2 + -1 + 41 is divided by (p/(-6))/4*-42.
13
Let t(z) = z - 1. Suppose 2*k + 10 = 4*q, 3*k - 4 = 2*q - 7. What is the remainder when t(4) is divided by k?
0
Let n = 19 - 2. What is the remainder when n is divided by 10?
7
Let l(u) be the third derivative of -u**5/60 - u**4/6 - u**3/6 + 2*u**2. Let v be l(-2). Suppose c - 5 - v = 0. Calculate the remainder when 15 is divided by c.
7
Let y(n) = 9*n - 15. Calculate the remainder when y(10) is divided by 26.
23
Let o be ((-6)/(-7))/(7/49). Let q = o - 4. Suppose 3*t = -2*f + 7, 5*t + q - 5 = f. What is the remainder when 3 is divided by f?
1
Suppose 2*p + 20 = 98. Calculate the remainder when p is divided by 21.
18
Suppose 554 = 4*z + 26. What is the remainder when 6/(-15) - z/(-5) is divided by 7?
5
Suppose -v + 2*w + 18 = -2*w, 3*v - w = 98. Calculate the remainder when 65 is divided by v.
31
Suppose 144 = 6*i - 234. Calculate the remainder when i is divided by 11.
8
Let p(g) = 142*g**2 + g. Let u be p(-1). Let a be 9*8/(-18)*(-4)/8. Suppose -a*y + u = y. Calculate the remainder when y is divided by 16.
15
Let m(v) = 2*v**2 + 3*v - 7. Suppose 4*k - 5*i = 17, -k + 2*i - 1 = -i. Calculate the remainder when m(-5) is divided by -1*2 - (-25 + k).
13
Let x = 10 - 0. Calculate the remainder when 27 is divided by x.
7
Suppose 3*t + 4 - 13 = 0. Suppose 5 = t*h - 2*h. Suppose 0 = -h*z + z + 76. Calculate the remainder when z is divided by 10.
9
Let v = 41 - -4. Suppose 4*c = m + v, -2*c = -4*c - 5*m + 39. Suppose 46 = p + p. Calculate the remainder when p is divided by c.
11
Let t be -1 + (0 - -7) - 0. Suppose -4*g - 92 = -t*g + 3*i, 5*i = -g + 59. What is the remainder when g is divided by 25?
24
Suppose 0 = 4*n + 5*q - 34, 5*n - 38 = 2*q + 21. Calculate the remainder when 19 is divided by n.
8
Let d(o) = o**3 + 4*o**2 + 5. Let r be d(-4). Suppose r*f + g = 135, -f = g + g - 36. What is the remainder when f is divided by 14?
12
Let b = 1 - 1. Suppose 5*q + 10 = 2*p + p, p - 5*q = b. Calculate the remainder when p is divided by (-2 - 4)/(-10 - -8).
2
Let b = 44 - 18. Calculate the remainder when 49 is divided by b.
23
Suppose f - 3*f = -18. Calculate the remainder when (-2)/9 + 353/f is divided by 10.
9
Suppose 6*k - 35 = k. Let u = k - -4. What is the remainder when u is divided by ((-2)/1)/(-1) - -4?
5
Suppose 5*o - 3*k = 47, 5*o - k = -4*k + 53. Let i(l) = -l + 5. Let m be i(3). Suppose h - m = 2. What is the remainder when o is divided by h?
2
Suppose -i + 3*i - 4 = 0. Suppose -s = -i*s + 61. Suppose -5*j + 5*p + s + 149 = 0, 3*p - 178 = -5*j. Calculate the remainder when j is divided by 20.
18
Suppose 13 = 5*q - 7. Suppose -4*h - q*t = -32, 0*h - 3*t - 54 = -3*h. Calculate the remainder when 37 is divided by h.
11
What is the remainder when (-186)/(-8) + (-3)/12 is divided by 6?
5
Let h = 50 - 32. Suppose 0*f = -f. Suppose -3*i - 5*n + 136 = f, -8 = 4*n + 8. What is the remainder when i is divided by h?
16
Calculate the remainder when (-2)/12 - (-575)/30 is divided by 10.
9
Let q = -9 + 10. Let h be 3 - 4 - -1*q. Suppose -c + h*c = -61. Calculate the remainder when c is divided by 21.
19
Let b(p) = p**3 + 19*p**2 - 3*p - 28. Calculate the remainder when b(-19) is divided by 13.
3
Let v = -127 + 143. Calculate the remainder when 110 is divided by v.
14
Let j = 35 - 7. Let c be (-1 + -2)/(3/(-4)). What is the remainder when j is divided by -20*(10/c)/(-5)?
8
Let d(y) = 3*y**3 - 4*y**2 + 4*y - 3. Let f(s) = -s - 2. Calculate the remainder when d(2) is divided by f(-7).
3
Let o(i) = -23*i**3 + 2*i + 1. Let r be o(-2). Suppose -j = -5*j + 3*q + r, 2*j = 3*q + 89. Calculate the remainder when j is divided by 16.
14
Suppose -36 = -m - 2*m. Suppose -m = -4*v + 4. What is the remainder when 29 is divided by (-59)/(-6) + v/24?
9
What is the remainder when (-264)/(-16)*(-16)/(-6) is divided by 15?
14
Let d(k) be the third derivative of -k**6/120 - 7*k**5/60 - k**4/3 + k**3/6 + k**2. Suppose -2*w = -13 - 1. What is the remainder when d(-6) is divided by w?
6
Let l(v) = -24*v - 1. What is the remainder when l(-2) is divided by 13?
8
Let t = -31 - -39. What is the remainder when t is divided by 3?
2
Let x be 3 + (-2 - -5) + 64. Suppose -5*h = -0*h - x. What is the remainder when 27 is divided by h?
13
Let j = -17 - -50. Suppose 5 = -k - 2*b, -6*k + k + 4*b + 31 = 0. Suppose 2*i = -0*q + 3*q + k, -3*q + j = 2*i. Calculate the remainder when 24 is divided by i.
6
Let b(t) = -10*t - 3. Suppose -d = -6*d + 75. What is the remainder when b(-6) is divided by d?
12
Suppose -5*s + 104 = -s. Suppose 17 = 3*h - 10. Calculate the remainder when s is divided by h.
8
Suppose 0 = -14*x - 7*x + 231. What is the remainder when 75 is divided by x?
9
Let a(p) = -23*p + 1. Let s(b) = 22*b - 1. Let v(h) = 4*a(h) + 5*s(h). What is the remainder when v(1) is divided by (-5)/2*(-108)/45?
5
Suppose -3*f = -0*f - 21. Let w = -3 + f. What is the remainder when 14 is divided by w?
2
Let c be (-3)/12 - 42/(-8). Let l(a) = 2*a - 1. Let j(u) = u. Let p(r) = 14*j(r) - 6*l(r). What is the remainder when 47 is divided by p(c)?
15
Suppose 20 = 4*l - 0*l. Let z(y) = y**3 + 5*y**2 - 3*y - 1. Calculate the remainder when z(-5) is divided by l.
4
Let m(o) = o**3 - 7*o + 3. Calculate the remainder when 53 is divided by m(3).
8
Let k = -17 + 15. What is the remainder when 24 is divided by (-84)/(-12) + 0/k?
3
Let u(n) = n**2 - 5*n + 9. Calculate the remainder when 22 is divided by u(4).
2
Suppose 5*r - 9 = -4*a, -2*r + 5*a + 29 = -1. Let o be 2/(6/(-3)) + 5. Suppose 27 = o*j - j. Calculate the remainder when j is divided by r.
4
Let u = 84 + -6. What is the remainder when u is divided by 20?
18
Let z = -44 - -85. What is the remainder when 80 is divided by z?
39
L